*c - 16, -b - m*c = -5*b + 24. Calculate k(b).
10
Let o(i) be the third derivative of -i**5/60 - i**4/12 + 4*i**3/3 - 3043*i**2. What is o(0)?
8
Let z(n) = -5*n**3 - 8*n - 2*n**2 - 4*n - 10*n**3 + 13*n. Suppose 21 = 4*r - 11. Let b = r - 7. Determine z(b).
-16
Let x = 45 - 36. Let u = -17 + x. Let o(y) be the third derivative of -y**5/60 - 3*y**4/8 - 2*y**3 + 24*y**2 - y. What is o(u)?
-4
Suppose -107*k = -748 + 106. Let l(r) = r**3 - 5*r**2 - 7*r - 2. Determine l(k).
-8
Let j be 44*(-3)/18 + 16/(-24). Suppose -1 = -v + 1. Let a(x) = -x**3 - 2*x**3 + 7*x - 7*x**v - 2 + 4*x**3 - 2*x**3. Give a(j).
6
Suppose 0 = j + 1, 3*o = -45*j + 44*j + 5. Let i(s) = -6*s**2 - 8*s**2 - 10*s**o + 28*s**2. Suppose -2*n = 3*a + 4, -3*a + 4*n + 2 = 12. What is i(a)?
16
Suppose -6*c = -11 - 1. Let q(j) = 12*j - 11*j + 2 - c. Suppose f = d + 11, 0*f - 2*d - 16 = -f. Calculate q(f).
6
Let k(i) = -12*i + 179. Suppose 6306 - 6381 = -5*x. Give k(x).
-1
Let y be ((-16)/(-10))/((-316)/(-105) + -3). Suppose 3*b - 180 = -y. Let r(x) = -4*x - 1. Give r(b).
-17
Let z(w) = -264 + 231 - 20*w - 2*w**3 - 19*w**2 + w**3. What is z(-18)?
3
Let u(t) = -3*t**3 - t**2 + 2*t - 1. Suppose -51 - 81 = -3*q. Suppose q*d = 48 + 40. What is u(d)?
-25
Let k(w) = -5*w**2 - 19*w + 50. Let g(y) = 3*y**2 + 13*y - 32. Let o(z) = -z - 6. Let c be o(-14). Let v(u) = c*g(u) + 5*k(u). Let d = 18 + -11. Give v(d).
8
Let n(i) = -i**3 - 21*i**2 - 17*i + 65. Let b be n(-20). Suppose -4*y + y - 11 = 4*r, -b = -5*y - 2*r. Let z(x) = -x**3 + 5*x**2 - 5*x + 2. What is z(y)?
5
Let v = 61 - 55. Let b(g) = 4*g + 34*g**2 - 35*g**2 - 11 - 7*g - v*g. Determine b(-8).
-3
Let q(p) = -39*p**2 + 11*p**2 + 6*p**2 + 12*p**2. Let k = -238 - -237. What is q(k)?
-10
Let m(j) = -j**3 + 8*j**2 - 4*j - 8. Suppose 11 = -5*a + 6*a + b, b = 2*a - 10. Let t be m(a). Let s(z) = -z**2 + 14*z - 16. Determine s(t).
-3
Let q(a) be the first derivative of a**2/2 - 6*a + 1. Let j = 38250 + -38243. Give q(j).
1
Let t(o) be the third derivative of o**6/120 + 3*o**5/20 + 3*o**4/8 + 2*o**3/3 + 1041*o**2. Give t(-8).
-4
Let z(k) = -2*k - 19. Let t(r) = -r**2 + 31*r - 224. Let l be t(14). What is z(l)?
-47
Let j(h) be the first derivative of 1/3*h**3 - 60 + 6*h - 9/2*h**2. Calculate j(9).
6
Let k be -5*(0 + (-4 - -3)). Suppose -3*p = -3*i + 15, -2*p + p + k*i = 25. Suppose -34*d + 29*d + 35 = p. Let b(g) = g**3 - 8*g**2 + 7*g. What is b(d)?
0
Let u(k) = k**3 - 2*k**2 - 8*k + 13. Let l(q) = -4*q**3 - 11*q**2 + 6*q + 12. Let j be l(-3). Determine u(j).
-2
Let b(u) = 7*u + 4. Let q be b(5). Let j = q - 36. Let d(o) = -1 + j + 6*o + 3*o. Calculate d(-3).
-25
Let k(l) be the third derivative of -l**4/6 + 2*l**3 + 746*l**2 + 2. Calculate k(12).
-36
Let o(i) = -i**2 - 5*i + 96. Let c be o(8). Let b(u) = 20*u**2 + u - 32. Let z(m) = -7*m**2 + 11. Let d(j) = 6*b(j) + 17*z(j). Give d(c).
11
Suppose -p = 0, 11*p = -4*l + 7*p + 2*p - 32. Let q(s) be the first derivative of -s**3/3 - 9*s**2/2 - s + 2. Determine q(l).
7
Suppose i = 5 + 12. Suppose -5*l + i = -8. Let g(m) = l*m + 2 - 10 + 9. Calculate g(1).
6
Let y(m) be the first derivative of -m**4/4 - 2*m**3 + 4*m**2 + 244. What is y(-6)?
-48
Let f(x) be the second derivative of 2*x - 2/3*x**4 + 4/3*x**3 - x**2 + 9 - 1/20*x**5. Determine f(-9).
7
Suppose 34*g = 38*g - 12. Let q = -30 + 32. Let n(z) = -63*z**2 - 6*z + 2 + 127*z**2 - 63*z**q. Determine n(g).
-7
Let u be 9/(-27)*(-1 + -1)*75. Let z = u + -46. Let i be -2 - (z + -1 + -7). Let j(a) = a**2 - 3*a + 2. Calculate j(i).
0
Let h be (-12)/(-10)*(-80)/12 + (-518)/(-37). Let i(o) = o**2 + 14*o - 105. Calculate i(h).
15
Let y = 184 + -167. Suppose -57 - 62 = y*a. Let m(j) = j**3 + 6*j**2 - 3*j + 10. What is m(a)?
-18
Let t(x) = -2347*x + 0 - 2340*x + 4685*x - 32. Calculate t(-7).
-18
Let u(l) = 6*l + 6. Let q(v) = 2278*v + 6842. Let a be q(-3). Give u(a).
54
Let q(i) be the second derivative of -14 + 1/6*i**3 - 3/2*i**2 + i. Let f = 5 + -2. Determine q(f).
0
Let q(d) = 261*d + 22. Let n(c) = 121*c + 11. Let u(o) = -13*n(o) + 6*q(o). What is u(-2)?
3
Let u(s) = 3*s**2 - 8*s - 8. Let f(n) = 2*n**2 - 8*n - 7. Let r(g) = 4*f(g) - 5*u(g). Let v(l) = 10*l**2 - 12*l - 18. Let j(o) = 7*r(o) + 5*v(o). Give j(6).
6
Let z(f) = -f**3 - 4*f**2 - 5 + f - 2*f + 7 + 0. Let b = -97 - -97. Suppose 4*q - 4*a + a = -9, -q - 2*a - 5 = b. What is z(q)?
-4
Let o(z) = z**3 - 53*z**2 + 54*z - 95. Let a be o(52). Let w(i) = 3*i + 7. Give w(a).
34
Let p(j) = 13*j + 11. Let f(m) = -62*m - 54. Let d(t) = 3*f(t) + 14*p(t). Let v(o) = -o - 2. Let r(c) = -5*d(c) + 24*v(c). Determine r(-6).
16
Suppose 0 = 2*g + 2*g - 76. Let o(q) = -4*q**2 + 29*q - 6. Let y be o(7). Let j(x) = -50*x + g*x - y + 29*x. Calculate j(8).
-17
Let r = 166 - 163. Let w(x) = -15 + 320*x + 331*x - 8*x**2 - 661*x - x**r. Calculate w(-7).
6
Suppose 31*a + 109 = -157 + 18. Let o(x) = 3*x**2 + 21*x + 27. Calculate o(a).
51
Let m(k) = -10*k + 52238 - k**2 + 52237 - 104480. Suppose 0*g + 2*g = r + 4, 0 = 2*r - 3*g + 9. What is m(r)?
19
Let o(t) = 10*t + 72. Let p be -3 - ((-27)/15)/((-2)/(-40)*-6). What is o(p)?
-18
Let w(k) = k**3 - k**2 - 4. Let y(a) be the second derivative of -a**5/20 - 3*a**4/4 + 5*a**3/3 - a + 3. Let i be y(-10). Calculate w(i).
-4
Let j(c) = 11*c**2 - 19*c + 1. Let q(z) = 24*z**2 - 42*z + 2. Let m(s) = 9*j(s) - 4*q(s). Determine m(-3).
37
Let j(v) = -v**2 + 8*v + 16. Let x be j(9). Let w(l) = 279*l - 278*l - 11 + 7. What is w(x)?
3
Let v(g) = 8*g. Let j = -23 + 24. Let m be 2*j*99/(-66). Give v(m).
-24
Let f be 5 + ((-10)/5 - -3). Let x(j) = 4*j**2 + j - 4. Let t(w) = 4*w**2 + w - 5. Let y(n) = f*x(n) - 5*t(n). Calculate y(-1).
4
Let j(m) = -16*m - 41*m - 22 + 58*m + 0. Determine j(-12).
-34
Let a(c) = c**2 + 9*c + 11. Let h be (4 + (-98)/21)*45/6. Let w(i) = -i**2 - 11*i - 12. Let b(x) = h*a(x) - 4*w(x). Determine b(0).
-7
Let x(a) be the third derivative of -a**5/60 - 13*a**4/24 + 139*a**3/6 + 895*a**2 - 2*a. What is x(-20)?
-1
Let x(o) be the first derivative of -o**4/24 + 2*o**3/3 - 4*o**2 - o + 31. Let p(m) be the second derivative of x(m). Determine p(4).
0
Let f(g) = -68*g - 2. Let s(u) = 15*u + 1. Let o(x) = -4*f(x) - 18*s(x). Determine o(-7).
-24
Let i(s) be the first derivative of s**5/60 - s**4/4 - s**3/2 + 35*s**2 - 88. Let o(z) be the second derivative of i(z). Give o(7).
4
Let a(r) = 30*r - 94 - 196*r**2 + 32 + 213*r**2 - 18*r**2. Give a(28).
-6
Let r(m) = -8*m + 19*m - 2*m**2 + m - 9*m + 3*m - m**3 + 6. Give r(-3).
-3
Let k(p) = -2*p - 1. Let l = -21 + 44. Let f = 28 - l. Suppose 4*z + 32 = f*c, 4*c - 3*c + 11 = -5*z. What is k(c)?
-9
Let p = -26116 - -26112. Let t(w) = 4*w**3 + 2*w**2 + w + 2. Let y(b) = -7*b**3 - 5*b**2 - 3*b - 5. Let j(q) = -5*t(q) - 3*y(q). Give j(p).
5
Suppose 99 = -3*v + 14*v. Let m be 532/(-171) - (-1)/v. Let a(t) = t**3 + 3*t**2 + 2*t + 3. Calculate a(m).
-3
Let g = 161 - 98. Let b = -109 + g. Let h = b + 50. Let c(v) = v**2 - 4*v + 5. What is c(h)?
5
Let q(h) be the third derivative of -5*h**4/12 - 7*h**3/6 + 2002*h**2. Calculate q(-4).
33
Let k be 30/(-40) + (-35)/(-20). Let g(p) = -89*p - 2 + 94*p + k - 3. Calculate g(2).
6
Let z be 155/(-93)*(-72)/(-10). Let f(i) = i**3 + 13*i**2 + 14*i - 11. Give f(z).
-35
Suppose -4*u - 90*b + 88*b + 110 = 0, 2*b = -7*u + 200. Let v(i) = 2*i**3 - 60*i**2 + i - 29. Determine v(u).
1
Let a(i) = i + 8. Suppose 107 - 191 = -4*s. Suppose 0 = 8*z + s - 21. Determine a(z).
8
Let y(s) be the first derivative of -s**4/4 - 2*s**3 - 2*s**2 + 10*s - 4218. Calculate y(-5).
5
Let j(a) = 33*a - 1. Let q(z) = -18*z. Let i(v) = j(v) + 2*q(v). Let c be (-26)/10 - (-3)/5. Determine i(c).
5
Let n(z) = 2*z**2 - 7*z - 1. Suppose 102 - 618 = x - 87*x. Determine n(x).
29
Let x(m) = m + 8. Let y(i) = -i**3 + 9*i**2 + 25*i - 27. Let j be y(11). Suppose 2*f - j = 5*q, 3*q = 4*f + q + 20. Determine x(f).
1
Let v(z) be the third derivative of -z**5/120 - 13*z**4/24 - 27*z**3/2 + 36*z**2 - 2. Let w(t) be the first derivative of v(t). Give w(-9).
-4
Let f(t) = -4*t**2 + 3*t - 4. Let a be (-374)/(-18) + 14/63. Suppose -10*k = -7*k + a. Let s(w) = -8*w**2 + 7*w - 9. Let p(u) = k*f(u) + 3*s(u). Give p(-1).
5
Let h be ((-84)/30)/(4/(-10)). Let i(x) = 7*x - h*x - x + 3. Let a(z) = -53*z + 363. Let k be a(7). Give i(k).
11
Let q = 77 - 68. Let b(